{"id":176,"date":"2024-01-28T15:24:08","date_gmt":"2024-01-28T14:24:08","guid":{"rendered":"https:\/\/enddarmzentrum-essen.de\/?post_type=team&#038;p=176"},"modified":"2026-04-08T12:12:27","modified_gmt":"2026-04-08T10:12:27","slug":"dr-t-rolfs","status":"publish","type":"team","link":"https:\/\/enddarmzentrum-essen.de\/mitarbeiter\/dr-t-rolfs\/","title":{"rendered":"Dr. T. Rolfs"},"content":{"rendered":"\n<div class=\"wp-block-group is-style-padding-1 has-white-color has-secondary-background-color has-text-color has-background has-link-color wp-elements-dc72ba2b6fd95efb101dc99d862fcf17 is-layout-flow wp-block-group-is-layout-flow\">\n<div style=\"height:100px\" aria-hidden=\"true\" class=\"wp-block-spacer is-style-height-s\"><\/div>\n\n\n\n<div class=\"wp-block-columns are-vertically-aligned-top is-style-default is-layout-flex wp-container-core-columns-is-layout-9d6595d7 wp-block-columns-is-layout-flex\">\n<div class=\"wp-block-column is-vertically-aligned-top is-style-default is-layout-flow wp-block-column-is-layout-flow\">\n<figure class=\"wp-block-image size-large\"><img loading=\"lazy\" decoding=\"async\" width=\"749\" height=\"1024\" src=\"https:\/\/enddarmzentrum-essen.de\/wp-content\/uploads\/2024\/01\/dr-rolfs_web-749x1024.jpg\" alt=\"\" class=\"wp-image-192\" srcset=\"https:\/\/enddarmzentrum-essen.de\/wp-content\/uploads\/2024\/01\/dr-rolfs_web-749x1024.jpg 749w, https:\/\/enddarmzentrum-essen.de\/wp-content\/uploads\/2024\/01\/dr-rolfs_web-219x300.jpg 219w, https:\/\/enddarmzentrum-essen.de\/wp-content\/uploads\/2024\/01\/dr-rolfs_web-768x1050.jpg 768w, https:\/\/enddarmzentrum-essen.de\/wp-content\/uploads\/2024\/01\/dr-rolfs_web-1123x1536.jpg 1123w, https:\/\/enddarmzentrum-essen.de\/wp-content\/uploads\/2024\/01\/dr-rolfs_web.jpg 1200w\" sizes=\"auto, (max-width: 749px) 100vw, 749px\" \/><\/figure>\n<\/div>\n\n\n\n<div class=\"wp-block-column is-vertically-aligned-top is-style-default is-layout-flow wp-block-column-is-layout-flow\" style=\"flex-basis:66%\">\n<h1 class=\"wp-block-heading has-grey-1-color has-text-color has-link-color has-large-font-size wp-elements-b7282f7e17b7021692016100a87596f0\" style=\"font-weight:300;text-transform:uppercase\">Dr. T. Rolfs <\/h1>\n\n\n\n<p><mark style=\"background-color:rgba(0, 0, 0, 0)\" class=\"has-inline-color has-primary-highlight-color\">(English &amp; German language ! \/ Sprechstunde Englisch &amp; Deutsch)<\/mark><\/p>\n\n\n\n<p>Zum 01.01.2024 hat Herr Dr. Rolfs die Nachfolge von Dr. Ommer am End-und Dickdarmzentrum Essen angetreten. Er wird auch weiterhin station\u00e4re Eingriffe im Philippus-Stift in Essen durchf\u00fchren.&nbsp;<\/p>\n\n\n\n<p>Herr Dr. Rolfs verst\u00e4rkt seit dem 01.01.2022 das \u00c4rzteteam des End- und Dickdarm-Zentrums Essen.&nbsp;<\/p>\n\n\n\n<p>Er war von 2004 bis 2012&nbsp; in den Kliniken \u2013Essen-Mitte, Huyssenstiftung (Chefarzt Prof. Dr. M.K. Walz) t\u00e4tig und hat dabei sein Ausbildung zum Facharzt f\u00fcr Allgemeinchirurgie abgeschlossen. Dort begann bereits die Zusammenarbeit mit&nbsp; Dr. Ommer und sp\u00e4ter Dr. Schmidt, die dort den Schwerpunkt Koloproktologie und Endoskopie vertraten.&nbsp;<\/p>\n\n\n\n<p>Von 2012-2019 war Dr.Rolfs als Oberarzt der Klinik f\u00fcr Allgemein- und spezielle Viszeralchirurgie, Katholisches Klinikum Oberhausen (Chefarzt Dr. med. F.J. Schumacher) besch\u00e4ftigt. Im Jahr 2019 wechselte er mit dem gesamten Team in die Klinik f\u00fcr Allgemein- und spezielle Viszeralchirurgie Kath. Klinikum Essen, Philippus-Stift.&nbsp;<\/p>\n\n\n\n<h2 class=\"wp-block-heading\" style=\"font-weight:500\">Spezielle Weiterbildungen<\/h2>\n\n\n\n<ul class=\"wp-block-list\">\n<li>2013 Erlangung der Bezeichnung Facharzt f\u00fcr Viszeralchirurgie&nbsp;<\/li>\n\n\n\n<li>2013 Erlangung der Zusatzbezeichnung \u201eProktologie\u201c&nbsp;<\/li>\n\n\n\n<li>2014 Weiterbildungsbefugnis \u201eProktologie\u201c der \u00c4rztekammer Nordrhein&nbsp;<\/li>\n\n\n\n<li>2018 Weiterbildung und Bestellung&nbsp; \u201eHygienebeauftragter Arzt\u201c Kath. Klinikum Oberhausen&nbsp;<\/li>\n\n\n\n<li>2019 Weiterbildung \u201eAntibiotic Stewardship\u201c (ABS)&nbsp;<\/li>\n<\/ul>\n\n\n\n<h2 class=\"wp-block-heading\" style=\"font-weight:500\">Mitgliedschaften in Fachverb\u00e4nden&nbsp;<\/h2>\n\n\n\n<ul class=\"wp-block-list\">\n<li>Deutsche Gesellschaft f\u00fcr Koloproktologie (DGK)&nbsp;<\/li>\n\n\n\n<li>Vereinigung der Koloproktologen an Rhein und Ruhr (VKRR)&nbsp;<\/li>\n\n\n\n<li>Deutsche Gesellschaft f\u00fcr Allgemein- und Viszeralchirurgie (DGAV)&nbsp;<\/li>\n\n\n\n<li>Deutsche Herniengesellschaft (DHG)&nbsp;<\/li>\n<\/ul>\n\n\n\n<h2 class=\"wp-block-heading\" style=\"font-weight:500\">Ehrenamtliche T\u00e4tigkeit<\/h2>\n\n\n\n<ul class=\"wp-block-list\">\n<li>Einsatzchirurg \/ Teamarzt bei I.S.A.R.-Germany (International Search-And-Rescue)&nbsp;<\/li>\n\n\n\n<li>Weltweite ehrenamtliche Katastrophenhilfe mit Eins\u00e4tzen in <a href=\"https:\/\/youtu.be\/TttDvL07BpE\" target=\"_blank\" rel=\"noreferrer noopener\">Indonesien (2018)<\/a>, Beirut (2020)&nbsp;&amp; <a href=\"https:\/\/isar-germany.de\/2021\/08\/23\/haiti-medizinisches-team-nimmt-arbeit-auf\/\" target=\"_blank\" rel=\"noreferrer noopener\">Haiti (2021)<\/a>. Zu der T\u00e4tigkeit in Haiti gibt es auch einen Beitrag im <a href=\"https:\/\/www.aerzteblatt.de\/nachrichten\/126550\/Notfallteam-aus-Deutschland-nach-Haiti-unterwegs\" target=\"_blank\" rel=\"noreferrer noopener\">Deutschen \u00c4rzteblatt<\/a> sowie einen weiteren auf der <a href=\"https:\/\/www.contilia.de\/nachricht\/dr-thomas-rolfs-aus-dem-philippusstift-hilft-im-erdbebengebiet-auf-les-cayemites-haiti.html\" target=\"_blank\" rel=\"noreferrer noopener\">Homepage der Contilia-Gruppe<\/a>.&nbsp;<\/li>\n<\/ul>\n\n\n\n<h2 class=\"wp-block-heading\" style=\"font-weight:500\">Publikationen&nbsp;<\/h2>\n\n\n\n<ul class=\"wp-block-list\">\n<li>Eine Aufstellung auf PubMed finden Sie <a href=\"https:\/\/pubmed.ncbi.nlm.nih.gov\/?term=Rolfs%2C+t\" target=\"_blank\" rel=\"noreferrer noopener\">hier<\/a>.&nbsp;<\/li>\n<\/ul>\n<\/div>\n<\/div>\n\n\n\n<div style=\"height:100px\" aria-hidden=\"true\" class=\"wp-block-spacer is-style-height-m\"><\/div>\n<\/div>\n","protected":false},"featured_media":192,"menu_order":0,"template":"","class_list":["post-176","team","type-team","status-publish","has-post-thumbnail","hentry"],"acf":[],"_links":{"self":[{"href":"https:\/\/enddarmzentrum-essen.de\/api\/wp\/v2\/team\/176","targetHints":{"allow":["GET"]}}],"collection":[{"href":"https:\/\/enddarmzentrum-essen.de\/api\/wp\/v2\/team"}],"about":[{"href":"https:\/\/enddarmzentrum-essen.de\/api\/wp\/v2\/types\/team"}],"wp:featuredmedia":[{"embeddable":true,"href":"https:\/\/enddarmzentrum-essen.de\/api\/wp\/v2\/media\/192"}],"wp:attachment":[{"href":"https:\/\/enddarmzentrum-essen.de\/api\/wp\/v2\/media?parent=176"}],"curies":[{"name":"wp","href":"https:\/\/api.w.org\/{rel}","templated":true}]}}

<div class="wp-block-group is-style-padding-1 has-white-color has-secondary-background-color has-text-color has-background has-link-color wp-elements-dc72ba2b6fd95efb101dc99d862fcf17 is-layout-flow wp-block-group-is-layout-flow">
<div style="height:100px" aria-hidden="true" class="wp-block-spacer is-style-height-s"></div>



<div class="wp-block-columns are-vertically-aligned-top is-style-default is-layout-flex wp-container-core-columns-is-layout-9d6595d7 wp-block-columns-is-layout-flex">
<div class="wp-block-column is-vertically-aligned-top is-style-default is-layout-flow wp-block-column-is-layout-flow">
<figure class="wp-block-image size-large"><img loading="lazy" decoding="async" width="749" height="1024" src="https://enddarmzentrum-essen.de/wp-content/uploads/2024/01/dr-rolfs_web-749x1024.jpg" alt="" class="wp-image-192" srcset="https://enddarmzentrum-essen.de/wp-content/uploads/2024/01/dr-rolfs_web-749x1024.jpg 749w, https://enddarmzentrum-essen.de/wp-content/uploads/2024/01/dr-rolfs_web-219x300.jpg 219w, https://enddarmzentrum-essen.de/wp-content/uploads/2024/01/dr-rolfs_web-768x1050.jpg 768w, https://enddarmzentrum-essen.de/wp-content/uploads/2024/01/dr-rolfs_web-1123x1536.jpg 1123w, https://enddarmzentrum-essen.de/wp-content/uploads/2024/01/dr-rolfs_web.jpg 1200w" sizes="auto, (max-width: 749px) 100vw, 749px" /></figure>
</div>



<div class="wp-block-column is-vertically-aligned-top is-style-default is-layout-flow wp-block-column-is-layout-flow" style="flex-basis:66%">
<h1 class="wp-block-heading has-grey-1-color has-text-color has-link-color has-large-font-size wp-elements-b7282f7e17b7021692016100a87596f0" style="font-weight:300;text-transform:uppercase">Dr. T. Rolfs </h1>



<p><mark style="background-color:rgba(0, 0, 0, 0)" class="has-inline-color has-primary-highlight-color">(English &amp; German language ! / Sprechstunde Englisch &amp; Deutsch)</mark></p>



<p>Zum 01.01.2024 hat Herr Dr. Rolfs die Nachfolge von Dr. Ommer am End-und Dickdarmzentrum Essen angetreten. Er wird auch weiterhin stationäre Eingriffe im Philippus-Stift in Essen durchführen.&nbsp;</p>



<p>Herr Dr. Rolfs verstärkt seit dem 01.01.2022 das Ärzteteam des End- und Dickdarm-Zentrums Essen.&nbsp;</p>



<p>Er war von 2004 bis 2012&nbsp; in den Kliniken –Essen-Mitte, Huyssenstiftung (Chefarzt Prof. Dr. M.K. Walz) tätig und hat dabei sein Ausbildung zum Facharzt für Allgemeinchirurgie abgeschlossen. Dort begann bereits die Zusammenarbeit mit&nbsp; Dr. Ommer und später Dr. Schmidt, die dort den Schwerpunkt Koloproktologie und Endoskopie vertraten.&nbsp;</p>



<p>Von 2012-2019 war Dr.Rolfs als Oberarzt der Klinik für Allgemein- und spezielle Viszeralchirurgie, Katholisches Klinikum Oberhausen (Chefarzt Dr. med. F.J. Schumacher) beschäftigt. Im Jahr 2019 wechselte er mit dem gesamten Team in die Klinik für Allgemein- und spezielle Viszeralchirurgie Kath. Klinikum Essen, Philippus-Stift.&nbsp;</p>



<h2 class="wp-block-heading" style="font-weight:500">Spezielle Weiterbildungen</h2>



<ul class="wp-block-list">
<li>2013 Erlangung der Bezeichnung Facharzt für Viszeralchirurgie&nbsp;</li>



<li>2013 Erlangung der Zusatzbezeichnung „Proktologie“&nbsp;</li>



<li>2014 Weiterbildungsbefugnis „Proktologie“ der Ärztekammer Nordrhein&nbsp;</li>



<li>2018 Weiterbildung und Bestellung&nbsp; „Hygienebeauftragter Arzt“ Kath. Klinikum Oberhausen&nbsp;</li>



<li>2019 Weiterbildung „Antibiotic Stewardship“ (ABS)&nbsp;</li>
</ul>



<h2 class="wp-block-heading" style="font-weight:500">Mitgliedschaften in Fachverbänden&nbsp;</h2>



<ul class="wp-block-list">
<li>Deutsche Gesellschaft für Koloproktologie (DGK)&nbsp;</li>



<li>Vereinigung der Koloproktologen an Rhein und Ruhr (VKRR)&nbsp;</li>



<li>Deutsche Gesellschaft für Allgemein- und Viszeralchirurgie (DGAV)&nbsp;</li>



<li>Deutsche Herniengesellschaft (DHG)&nbsp;</li>
</ul>



<h2 class="wp-block-heading" style="font-weight:500">Ehrenamtliche Tätigkeit</h2>



<ul class="wp-block-list">
<li>Einsatzchirurg / Teamarzt bei I.S.A.R.-Germany (International Search-And-Rescue)&nbsp;</li>



<li>Weltweite ehrenamtliche Katastrophenhilfe mit Einsätzen in <a href="https://youtu.be/TttDvL07BpE" target="_blank" rel="noreferrer noopener">Indonesien (2018)</a>, Beirut (2020)&nbsp;&amp; <a href="https://isar-germany.de/2021/08/23/haiti-medizinisches-team-nimmt-arbeit-auf/" target="_blank" rel="noreferrer noopener">Haiti (2021)</a>. Zu der Tätigkeit in Haiti gibt es auch einen Beitrag im <a href="https://www.aerzteblatt.de/nachrichten/126550/Notfallteam-aus-Deutschland-nach-Haiti-unterwegs" target="_blank" rel="noreferrer noopener">Deutschen Ärzteblatt</a> sowie einen weiteren auf der <a href="https://www.contilia.de/nachricht/dr-thomas-rolfs-aus-dem-philippusstift-hilft-im-erdbebengebiet-auf-les-cayemites-haiti.html" target="_blank" rel="noreferrer noopener">Homepage der Contilia-Gruppe</a>.&nbsp;</li>
</ul>



<h2 class="wp-block-heading" style="font-weight:500">Publikationen&nbsp;</h2>



<ul class="wp-block-list">
<li>Eine Aufstellung auf PubMed finden Sie <a href="https://pubmed.ncbi.nlm.nih.gov/?term=Rolfs%2C+t" target="_blank" rel="noreferrer noopener">hier</a>.&nbsp;</li>
</ul>
</div>
</div>



<div style="height:100px" aria-hidden="true" class="wp-block-spacer is-style-height-m"></div>
</div>
