{"id":177,"date":"2024-01-28T15:30:35","date_gmt":"2024-01-28T14:30:35","guid":{"rendered":"https:\/\/enddarmzentrum-essen.de\/?post_type=team&#038;p=177"},"modified":"2026-04-08T13:40:59","modified_gmt":"2026-04-08T11:40:59","slug":"dr-a-ommer","status":"publish","type":"team","link":"https:\/\/enddarmzentrum-essen.de\/mitarbeiter\/dr-a-ommer\/","title":{"rendered":"Dr. A. Ommer"},"content":{"rendered":"\n<div class=\"wp-block-group is-style-padding-1 has-white-color has-secondary-background-color has-text-color has-background has-link-color wp-elements-105a06c22ca555f39b8909084cee452a is-layout-flow wp-block-group-is-layout-flow\">\n<div style=\"height:100px\" aria-hidden=\"true\" class=\"wp-block-spacer is-style-height-s\"><\/div>\n\n\n\n<div class=\"wp-block-columns are-vertically-aligned-top is-style-default is-layout-flex wp-container-core-columns-is-layout-9d6595d7 wp-block-columns-is-layout-flex\">\n<div class=\"wp-block-column is-vertically-aligned-top is-style-default is-layout-flow wp-block-column-is-layout-flow\">\n<figure class=\"wp-block-image size-large\"><img loading=\"lazy\" decoding=\"async\" width=\"742\" height=\"1024\" src=\"https:\/\/enddarmzentrum-essen.de\/wp-content\/uploads\/2024\/01\/dr-ommer_web-742x1024.jpg\" alt=\"\" class=\"wp-image-191\" srcset=\"https:\/\/enddarmzentrum-essen.de\/wp-content\/uploads\/2024\/01\/dr-ommer_web-742x1024.jpg 742w, https:\/\/enddarmzentrum-essen.de\/wp-content\/uploads\/2024\/01\/dr-ommer_web-217x300.jpg 217w, https:\/\/enddarmzentrum-essen.de\/wp-content\/uploads\/2024\/01\/dr-ommer_web-768x1060.jpg 768w, https:\/\/enddarmzentrum-essen.de\/wp-content\/uploads\/2024\/01\/dr-ommer_web-1112x1536.jpg 1112w, https:\/\/enddarmzentrum-essen.de\/wp-content\/uploads\/2024\/01\/dr-ommer_web.jpg 1200w\" sizes=\"auto, (max-width: 742px) 100vw, 742px\" \/><\/figure>\n<\/div>\n\n\n\n<div class=\"wp-block-column is-vertically-aligned-top is-style-default is-layout-flow wp-block-column-is-layout-flow\" style=\"flex-basis:66%\">\n<h1 class=\"wp-block-heading has-grey-1-color has-text-color has-link-color has-large-font-size wp-elements-2d2fd8409a1ae29c18a5948386ebe87a\" style=\"font-style:normal;font-weight:300;text-transform:uppercase\">Dr. A. Ommer <\/h1>\n\n\n\n<p><mark style=\"background-color:rgba(0, 0, 0, 0)\" class=\"has-inline-color has-primary-highlight-color\">(German only ! &#8211; Sprechstunde nur in Deutsch! )<\/mark><\/p>\n\n\n\n<p>Nach dem Studium der Humanmedizin an der Universit\u00e4t-Gesamthochschule Essen absolvierte Herr Dr. Andreas Ommer seine Ausbildung zum Facharzt f\u00fcr Chirurgie am Evang. Bethesda-Krankenhaus in Duisburg.<\/p>\n\n\n\n<p>Die Spezialkenntnisse in der Koloproktologie erwarb er durch T\u00e4tigkeiten als Facharzt in der koloproktologischen Abteilung des St.Joseph-Hospitals in Duisburg (Dr.S.Athanasiadis) sowie als Oberarzt im Prosper-Hospital in Recklinghausen (Dr.E.Berg; ehemals Prof.Dr.J.Girona).<\/p>\n\n\n\n<p>Von 2001 bis 2011 war Herr Dr. Ommer zun\u00e4chst als Oberarzt, dann als Stellvertreter des Chefarztes (Leitender Oberarzt) an den Kliniken Essen Mitte (Prof.Dr.Dr.M.K.Walz) t\u00e4tig und vertrat dort den Schwerpunkt Koloproktologie (Darm- und Enddarmchirurgie).<\/p>\n\n\n\n<p>N\u00e4heres erfahren Sie \u00fcber das <a href=\"https:\/\/de.wikipedia.org\/wiki\/Andreas_Ommer\" target=\"_blank\" rel=\"noreferrer noopener\">Wikipedia-Profil<\/a>.<\/p>\n\n\n\n<h2 class=\"wp-block-heading\" style=\"font-weight:500\">Spezialweiterbildungen<\/h2>\n\n\n\n<ul class=\"wp-block-list\">\n<li><strong>2001<\/strong> Europ\u00e4isches Facharztexamen f\u00fcr Koloproktologie (EBSQ: European Board of Surgery Qualification)<\/li>\n\n\n\n<li><strong>2004<\/strong> Schwerpunkt-Weiterbildung \u201eViszeralchirurgie\u201c<\/li>\n\n\n\n<li><strong>2006<\/strong> Zusatzbezeichnung \u201eProktologie\u201c<\/li>\n\n\n\n<li><strong>2012<\/strong> Schwerpunkt-Weiterbildung &#8222;Spezielle Viszeralchirurgie&#8220;<\/li>\n<\/ul>\n\n\n\n<p>Herr Dr.Ommer wurde 2018 erstmals in der Focusliste <a href=\"http:\/\/www.darmpraxis-essen.de\/files\/ommer-focusliste.pdf\" target=\"_blank\" rel=\"noreferrer noopener\">&#8222;Beste Viszeralchirurgen der Region&#8220;<\/a> aufgef\u00fchrt. Seit 2020 wurde Herr Dr.Ommer auch regelm\u00e4ig in die Focusliste &#8222;Proktologie&#8220; aufgenommen.<\/p>\n\n\n\n<p>In den Jahren 2022 und 2023 wurde Dr. Ommer auch in der <a href=\"https:\/\/www.stern.de\/siegel\/aerzte\/\" target=\"_blank\" rel=\"noreferrer noopener\">Stern-Liste &#8222;Proktologie&#8220;<\/a> gef\u00fchrt.<\/p>\n\n\n\n<p>Weiterhin erstellt Dr.Ommer medizinische Gerichts-Gutachten f\u00fcr Arzthaftungsfragen, Sozialgerichte und Strafrechtsverfahren.<\/p>\n\n\n\n<h2 class=\"wp-block-heading\" style=\"font-weight:500\">Mitgliedschaften in wissenschaftlichen Fachgesellschaften<\/h2>\n\n\n\n<ul class=\"wp-block-list\">\n<li>Deutsche Gesellschaft f\u00fcr Chirurgie (DGCh) (1998-2016)<\/li>\n\n\n\n<li><a href=\"http:\/\/www.bdc.de\/\" target=\"_blank\" rel=\"noreferrer noopener\">Berufsverband der Deutschen Chirurgen (BDC)<\/a><\/li>\n\n\n\n<li>Deutsche Gesellschaft f\u00fcr Allgemein- und Viszeralchirurgie (DGAV) (bis 2021)<\/li>\n\n\n\n<li>Chirurgische Arbeitsgemeinschaft f\u00fcr Coloproktologie (CACP) <strong>(Mitglied des Vorstands 2013-2016, Leitlinienbeauftragter) <\/strong>(bis 2021)<\/li>\n\n\n\n<li><a href=\"http:\/\/www.koloproktologie.org\/\" target=\"_blank\" rel=\"noreferrer noopener\">Deutsche Gesellschaft f\u00fcr Koloproktologie (DGK)<\/a><\/li>\n\n\n\n<li><a href=\"http:\/\/www.coloproktologen.de\/berufsverband\/vorstand.html\" target=\"_blank\" rel=\"noreferrer noopener\">Beruftsverband der Coloproktologen Deutschlands (BCD)<\/a> <strong>(Mitglied des Beirates)<\/strong><\/li>\n\n\n\n<li><a href=\"http:\/\/www.vkrr.de\/praesidium.html\" target=\"_blank\" rel=\"noreferrer noopener\">Vereinigung der Koloproktologen an Rhein und Ruhr (VKRR) <\/a>           <strong>(1. Vorsitzender)<\/strong><\/li>\n<\/ul>\n\n\n\n<h2 class=\"wp-block-heading\" style=\"font-weight:500\">Wissenschaftliche T\u00e4tigkeit<\/h2>\n\n\n\n<p>Herr Dr.Ommer ist regelm\u00e4\u00dfig als eingeladener Referent auf verschiedenen nationalen Kongressen vertreten. Er ist au\u00dferdem Autor zahlreicher wissenschaftlicher Beitr\u00e4ge in national und international renommierten Fachzeitschriften sowie B\u00fcchern haupts\u00e4chlich zum Themenbereich der Koloproktologie.<\/p>\n\n\n\n<p>Herr Dr.A.Ommer ist Mitherausgeber der Zeitschrift &#8222;coloproctology&#8220; des Springer-Verlages. Die Zeitschrift ist das offizielle Verbandsjournal folgender Fachgesellschaften:Deutsche Gesellschaft f\u00fcr Koloproktologie (DGK), Berufsverband der Coloproktologen Deutschlands (BCD), Arbeitsgemeinschaft f\u00fcr Coloproctologie (ACP) der \u00d6sterreichischen Gesellschaft f\u00fcr Chirurgie, Schweizerische Arbeitsgruppe f\u00fcr Koloproktologie (SAKP), Deutsche Gesellschaft f\u00fcr Neurogastroenterologie und Motilit\u00e4t (GNM).<\/p>\n\n\n\n<p>Im Auftrag der Deutsche Gesellschaft f\u00fcr Allgemein- und Viszeralchirurgie (DGAV) und als offizieller Leitlinienbeauftragter der Chirurgischen Arbeitsgemeinschaft f\u00fcr Coloproktologie (CACP) war Herr Dr. Ommer verantwortlicher Autor f\u00fcr die Erstellung von Leitlinien zu folgenden Themen:<\/p>\n\n\n\n<ul class=\"wp-block-list\">\n<li><a href=\"http:\/\/www.awmf.org\/leitlinien\/detail\/ll\/088-003.html\" target=\"_blank\" rel=\"noreferrer noopener\">Kryptoglandul\u00e4re Analfisteln<\/a><\/li>\n\n\n\n<li><a href=\"http:\/\/www.awmf.org\/leitlinien\/detail\/ll\/088-005.html\" target=\"_blank\" rel=\"noreferrer noopener\">Analabszesse<\/a><\/li>\n\n\n\n<li><a href=\"http:\/\/www.awmf.org\/leitlinien\/detail\/ll\/088-004.html\" target=\"_blank\" rel=\"noreferrer noopener\">Rektovaginale Fisteln<\/a><\/li>\n\n\n\n<li><a href=\"http:\/\/www.awmf.org\/leitlinien\/detail\/ll\/081-009.html\" target=\"_blank\" rel=\"noreferrer noopener\">Sinus pilonidalis<\/a> &nbsp;<\/li>\n<\/ul>\n\n\n\n<p>Herr Dr.Ommer war als Mitherausgeber an der 3.Auflage des Standardwerkes <a href=\"https:\/\/www.springer.com\/de\/book\/9783662546819\" target=\"_blank\" rel=\"noreferrer noopener\">&#8222;Chirurgische Proktologie&#8220;<\/a> beteiligt. Eine Neuauflage ist in Vorbereitung.<\/p>\n\n\n\n<h3 class=\"wp-block-heading\" style=\"font-weight:500\">Eine \u00dcbersicht finden Sie hier<\/h3>\n\n\n\n<ul class=\"wp-block-list\">\n<li><a href=\"https:\/\/enddarmzentrum-essen.de\/wp-content\/uploads\/2024\/01\/ommer_publikationen_mit_abstracts.pdf\" target=\"_blank\" rel=\"noreferrer noopener\">Wissenschaftliche Abhandlungen<\/a><\/li>\n\n\n\n<li><a href=\"http:\/\/www.ncbi.nlm.nih.gov\/pubmed?term=ommer%20a\">PubMed gelistete Artikel<\/a><\/li>\n\n\n\n<li><a href=\"https:\/\/enddarmzentrum-essen.de\/wp-content\/uploads\/2024\/01\/ommer_journal_club.pdf\" data-type=\"link\" data-id=\"https:\/\/enddarmzentrum-essen.de\/wp-content\/uploads\/2024\/01\/ommer_journal_club.pdf\" target=\"_blank\" rel=\"noreferrer noopener\">Journal-Club Beitr\u00e4ge<\/a> (Kommentare zu aktuellen wissenschaftlichen Ver\u00f6ffentlichungen)<\/li>\n\n\n\n<li><a href=\"https:\/\/enddarmzentrum-essen.de\/wp-content\/uploads\/2024\/01\/ommer_vortraege.pdf\" data-type=\"link\" data-id=\"https:\/\/enddarmzentrum-essen.de\/wp-content\/uploads\/2024\/01\/ommer_journal_club.pdf\" target=\"_blank\" rel=\"noreferrer noopener\">Vortr\u00e4ge<\/a><\/li>\n<\/ul>\n\n\n\n<p>Herr Dr.Ommer ist seit 2009 als Pr\u00fcfer f\u00fcr die Fachbereiche \u201eAllgemeinchirurgie\u201c und \u201eProktologie\u201c bei der \u00c4rztekammer Nordrhein t\u00e4tig.&nbsp;<\/p>\n<\/div>\n<\/div>\n\n\n\n<div style=\"height:100px\" aria-hidden=\"true\" class=\"wp-block-spacer is-style-height-m\"><\/div>\n<\/div>\n","protected":false},"featured_media":191,"menu_order":0,"template":"","class_list":["post-177","team","type-team","status-publish","has-post-thumbnail","hentry"],"acf":[],"_links":{"self":[{"href":"https:\/\/enddarmzentrum-essen.de\/api\/wp\/v2\/team\/177","targetHints":{"allow":["GET"]}}],"collection":[{"href":"https:\/\/enddarmzentrum-essen.de\/api\/wp\/v2\/team"}],"about":[{"href":"https:\/\/enddarmzentrum-essen.de\/api\/wp\/v2\/types\/team"}],"wp:featuredmedia":[{"embeddable":true,"href":"https:\/\/enddarmzentrum-essen.de\/api\/wp\/v2\/media\/191"}],"wp:attachment":[{"href":"https:\/\/enddarmzentrum-essen.de\/api\/wp\/v2\/media?parent=177"}],"curies":[{"name":"wp","href":"https:\/\/api.w.org\/{rel}","templated":true}]}}

<div class="wp-block-group is-style-padding-1 has-white-color has-secondary-background-color has-text-color has-background has-link-color wp-elements-105a06c22ca555f39b8909084cee452a is-layout-flow wp-block-group-is-layout-flow">
<div style="height:100px" aria-hidden="true" class="wp-block-spacer is-style-height-s"></div>



<div class="wp-block-columns are-vertically-aligned-top is-style-default is-layout-flex wp-container-core-columns-is-layout-9d6595d7 wp-block-columns-is-layout-flex">
<div class="wp-block-column is-vertically-aligned-top is-style-default is-layout-flow wp-block-column-is-layout-flow">
<figure class="wp-block-image size-large"><img loading="lazy" decoding="async" width="742" height="1024" src="https://enddarmzentrum-essen.de/wp-content/uploads/2024/01/dr-ommer_web-742x1024.jpg" alt="" class="wp-image-191" srcset="https://enddarmzentrum-essen.de/wp-content/uploads/2024/01/dr-ommer_web-742x1024.jpg 742w, https://enddarmzentrum-essen.de/wp-content/uploads/2024/01/dr-ommer_web-217x300.jpg 217w, https://enddarmzentrum-essen.de/wp-content/uploads/2024/01/dr-ommer_web-768x1060.jpg 768w, https://enddarmzentrum-essen.de/wp-content/uploads/2024/01/dr-ommer_web-1112x1536.jpg 1112w, https://enddarmzentrum-essen.de/wp-content/uploads/2024/01/dr-ommer_web.jpg 1200w" sizes="auto, (max-width: 742px) 100vw, 742px" /></figure>
</div>



<div class="wp-block-column is-vertically-aligned-top is-style-default is-layout-flow wp-block-column-is-layout-flow" style="flex-basis:66%">
<h1 class="wp-block-heading has-grey-1-color has-text-color has-link-color has-large-font-size wp-elements-2d2fd8409a1ae29c18a5948386ebe87a" style="font-style:normal;font-weight:300;text-transform:uppercase">Dr. A. Ommer </h1>



<p><mark style="background-color:rgba(0, 0, 0, 0)" class="has-inline-color has-primary-highlight-color">(German only ! &#8211; Sprechstunde nur in Deutsch! )</mark></p>



<p>Nach dem Studium der Humanmedizin an der Universität-Gesamthochschule Essen absolvierte Herr Dr. Andreas Ommer seine Ausbildung zum Facharzt für Chirurgie am Evang. Bethesda-Krankenhaus in Duisburg.</p>



<p>Die Spezialkenntnisse in der Koloproktologie erwarb er durch Tätigkeiten als Facharzt in der koloproktologischen Abteilung des St.Joseph-Hospitals in Duisburg (Dr.S.Athanasiadis) sowie als Oberarzt im Prosper-Hospital in Recklinghausen (Dr.E.Berg; ehemals Prof.Dr.J.Girona).</p>



<p>Von 2001 bis 2011 war Herr Dr. Ommer zunächst als Oberarzt, dann als Stellvertreter des Chefarztes (Leitender Oberarzt) an den Kliniken Essen Mitte (Prof.Dr.Dr.M.K.Walz) tätig und vertrat dort den Schwerpunkt Koloproktologie (Darm- und Enddarmchirurgie).</p>



<p>Näheres erfahren Sie über das <a href="https://de.wikipedia.org/wiki/Andreas_Ommer" target="_blank" rel="noreferrer noopener">Wikipedia-Profil</a>.</p>



<h2 class="wp-block-heading" style="font-weight:500">Spezialweiterbildungen</h2>



<ul class="wp-block-list">
<li><strong>2001</strong> Europäisches Facharztexamen für Koloproktologie (EBSQ: European Board of Surgery Qualification)</li>



<li><strong>2004</strong> Schwerpunkt-Weiterbildung „Viszeralchirurgie“</li>



<li><strong>2006</strong> Zusatzbezeichnung „Proktologie“</li>



<li><strong>2012</strong> Schwerpunkt-Weiterbildung &#8222;Spezielle Viszeralchirurgie&#8220;</li>
</ul>



<p>Herr Dr.Ommer wurde 2018 erstmals in der Focusliste <a href="http://www.darmpraxis-essen.de/files/ommer-focusliste.pdf" target="_blank" rel="noreferrer noopener">&#8222;Beste Viszeralchirurgen der Region&#8220;</a> aufgeführt. Seit 2020 wurde Herr Dr.Ommer auch regelmäig in die Focusliste &#8222;Proktologie&#8220; aufgenommen.</p>



<p>In den Jahren 2022 und 2023 wurde Dr. Ommer auch in der <a href="https://www.stern.de/siegel/aerzte/" target="_blank" rel="noreferrer noopener">Stern-Liste &#8222;Proktologie&#8220;</a> geführt.</p>



<p>Weiterhin erstellt Dr.Ommer medizinische Gerichts-Gutachten für Arzthaftungsfragen, Sozialgerichte und Strafrechtsverfahren.</p>



<h2 class="wp-block-heading" style="font-weight:500">Mitgliedschaften in wissenschaftlichen Fachgesellschaften</h2>



<ul class="wp-block-list">
<li>Deutsche Gesellschaft für Chirurgie (DGCh) (1998-2016)</li>



<li><a href="http://www.bdc.de/" target="_blank" rel="noreferrer noopener">Berufsverband der Deutschen Chirurgen (BDC)</a></li>



<li>Deutsche Gesellschaft für Allgemein- und Viszeralchirurgie (DGAV) (bis 2021)</li>



<li>Chirurgische Arbeitsgemeinschaft für Coloproktologie (CACP) <strong>(Mitglied des Vorstands 2013-2016, Leitlinienbeauftragter) </strong>(bis 2021)</li>



<li><a href="http://www.koloproktologie.org/" target="_blank" rel="noreferrer noopener">Deutsche Gesellschaft für Koloproktologie (DGK)</a></li>



<li><a href="http://www.coloproktologen.de/berufsverband/vorstand.html" target="_blank" rel="noreferrer noopener">Beruftsverband der Coloproktologen Deutschlands (BCD)</a> <strong>(Mitglied des Beirates)</strong></li>



<li><a href="http://www.vkrr.de/praesidium.html" target="_blank" rel="noreferrer noopener">Vereinigung der Koloproktologen an Rhein und Ruhr (VKRR) </a>           <strong>(1. Vorsitzender)</strong></li>
</ul>



<h2 class="wp-block-heading" style="font-weight:500">Wissenschaftliche Tätigkeit</h2>



<p>Herr Dr.Ommer ist regelmäßig als eingeladener Referent auf verschiedenen nationalen Kongressen vertreten. Er ist außerdem Autor zahlreicher wissenschaftlicher Beiträge in national und international renommierten Fachzeitschriften sowie Büchern hauptsächlich zum Themenbereich der Koloproktologie.</p>



<p>Herr Dr.A.Ommer ist Mitherausgeber der Zeitschrift &#8222;coloproctology&#8220; des Springer-Verlages. Die Zeitschrift ist das offizielle Verbandsjournal folgender Fachgesellschaften:Deutsche Gesellschaft für Koloproktologie (DGK), Berufsverband der Coloproktologen Deutschlands (BCD), Arbeitsgemeinschaft für Coloproctologie (ACP) der Österreichischen Gesellschaft für Chirurgie, Schweizerische Arbeitsgruppe für Koloproktologie (SAKP), Deutsche Gesellschaft für Neurogastroenterologie und Motilität (GNM).</p>



<p>Im Auftrag der Deutsche Gesellschaft für Allgemein- und Viszeralchirurgie (DGAV) und als offizieller Leitlinienbeauftragter der Chirurgischen Arbeitsgemeinschaft für Coloproktologie (CACP) war Herr Dr. Ommer verantwortlicher Autor für die Erstellung von Leitlinien zu folgenden Themen:</p>



<ul class="wp-block-list">
<li><a href="http://www.awmf.org/leitlinien/detail/ll/088-003.html" target="_blank" rel="noreferrer noopener">Kryptoglanduläre Analfisteln</a></li>



<li><a href="http://www.awmf.org/leitlinien/detail/ll/088-005.html" target="_blank" rel="noreferrer noopener">Analabszesse</a></li>



<li><a href="http://www.awmf.org/leitlinien/detail/ll/088-004.html" target="_blank" rel="noreferrer noopener">Rektovaginale Fisteln</a></li>



<li><a href="http://www.awmf.org/leitlinien/detail/ll/081-009.html" target="_blank" rel="noreferrer noopener">Sinus pilonidalis</a> &nbsp;</li>
</ul>



<p>Herr Dr.Ommer war als Mitherausgeber an der 3.Auflage des Standardwerkes <a href="https://www.springer.com/de/book/9783662546819" target="_blank" rel="noreferrer noopener">&#8222;Chirurgische Proktologie&#8220;</a> beteiligt. Eine Neuauflage ist in Vorbereitung.</p>



<h3 class="wp-block-heading" style="font-weight:500">Eine Übersicht finden Sie hier</h3>



<ul class="wp-block-list">
<li><a href="https://enddarmzentrum-essen.de/wp-content/uploads/2024/01/ommer_publikationen_mit_abstracts.pdf" target="_blank" rel="noreferrer noopener">Wissenschaftliche Abhandlungen</a></li>



<li><a href="http://www.ncbi.nlm.nih.gov/pubmed?term=ommer%20a">PubMed gelistete Artikel</a></li>



<li><a href="https://enddarmzentrum-essen.de/wp-content/uploads/2024/01/ommer_journal_club.pdf" data-type="link" data-id="https://enddarmzentrum-essen.de/wp-content/uploads/2024/01/ommer_journal_club.pdf" target="_blank" rel="noreferrer noopener">Journal-Club Beiträge</a> (Kommentare zu aktuellen wissenschaftlichen Veröffentlichungen)</li>



<li><a href="https://enddarmzentrum-essen.de/wp-content/uploads/2024/01/ommer_vortraege.pdf" data-type="link" data-id="https://enddarmzentrum-essen.de/wp-content/uploads/2024/01/ommer_journal_club.pdf" target="_blank" rel="noreferrer noopener">Vorträge</a></li>
</ul>



<p>Herr Dr.Ommer ist seit 2009 als Prüfer für die Fachbereiche „Allgemeinchirurgie“ und „Proktologie“ bei der Ärztekammer Nordrhein tätig.&nbsp;</p>
</div>
</div>



<div style="height:100px" aria-hidden="true" class="wp-block-spacer is-style-height-m"></div>
</div>
